{"id":883,"date":"2019-10-09T17:47:13","date_gmt":"2019-10-09T17:47:13","guid":{"rendered":"http:\/\/soykokparke.com\/?page_id=883"},"modified":"2019-10-17T21:20:32","modified_gmt":"2019-10-17T21:20:32","slug":"bakim-onarim","status":"publish","type":"page","link":"https:\/\/soykokparke.com\/?page_id=883","title":{"rendered":"BAKIM ONARIM"},"content":{"rendered":"\n\n\n<div id=\"wk-gridcd9\" class=\"uk-grid-width-1-1 uk-grid uk-grid-match uk-text-center \" data-uk-grid-match=\"{target:'> div > .uk-panel', row:true}\" data-uk-grid-margin  data-uk-scrollspy=\"{cls:'uk-animation-fade uk-invisible', target:'> div > .uk-panel', delay:300}\">\n\n\n    <div>\n        <div class=\"uk-panel uk-invisible\">\n\n            \n            \n                        <div class=\"uk-text-center uk-margin uk-margin-top-remove\"><img loading=\"lazy\" decoding=\"async\" src=\"\/wp-content\/uploads\/flooring_repair.png\" class=\" uk-overlay-scale\" alt=\"Bak\u0131m Onar\u0131m\" width=\"334\" height=\"383\"><\/div>\n            \n            \n                        <h3 class=\"uk-h2 uk-margin-top-remove\">\n\n                                    Bak\u0131m Onar\u0131m                \n                \n            <\/h3>\n            \n            \n            \n                        <div class=\"uk-margin\"><p class=\"uk-margin-large-bottom\">Eskimi\u015f ya da deforme lamine, masif parke, deck uygulamalar\u0131n\u0131z\u0131n onar\u0131m\u0131n\u0131 ve bak\u0131mlar\u0131n\u0131 yap\u0131yoruz.<br class=\"uk-hidden-small\">Ke\u015fif, fiyatland\u0131rma ve akl\u0131n\u0131za tak\u0131lan t\u00fcm sorular\u0131n\u0131z i\u00e7in l\u00fctfen bizimle <a href=\"http:\/\/soykokparke.com\/?page_id=895\">ileti\u015fim<\/a> kurun!<\/p><\/div>\n            \n            \n            \n            \n        <\/div>\n    <\/div>\n\n\n<\/div>\n\n<script>\n    (function($){\n        \/\/ get the images of the grid and replace it by a canvas of the same size to fix the problem with overlapping images on load.\n        $('img:first', $('#wk-gridcd9')).each(function() {\n            var $img = $(this),\n                $canvas = $('<canvas class=\"uk-responsive-width\"><\/canvas>').attr({width:$img.attr('width'), height:$img.attr('height')}),\n                img = new Image;\n\n            $img.css('display', 'none').after($canvas);\n\n            img.onload = function(){\n                $canvas.remove();\n                $img.css('display', '');\n            };\n\n            img.src = this.src;\n        });\n\n    })(jQuery);\n<\/script>\n\n\n\n\n\n\n<div id=\"wk-grid9e7\" class=\"uk-grid-width-1-1 uk-grid-width-medium-1-3 uk-grid-width-large-1-3 uk-grid-width-xlarge-1-3 uk-grid uk-grid-match uk-text-left \" data-uk-grid-match=\"{target:'> div > .uk-panel', row:true}\" data-uk-grid-margin >\n\n\n    <div>\n        <div class=\"uk-panel\">\n\n            \n            \n            \n            \n            \n            \n            \n                        <div class=\"uk-margin\"><ul class=\"uk-list uk-list-space\">\n    <li><i class=\"uk-icon uk-icon-check\"><\/i> Kaliteli malzeme <\/li>\n    <li><i class=\"uk-icon uk-icon-check\"><\/i> Profesyonel ekip<\/li>\n<\/ul><\/div>\n            \n            \n            \n            \n        <\/div>\n    <\/div>\n\n\n    <div>\n        <div class=\"uk-panel\">\n\n            \n            \n            \n            \n            \n            \n            \n                        <div class=\"uk-margin\"><ul class=\"uk-list uk-list-space\">\n    <li><i class=\"uk-icon uk-icon-check\"><\/i> Maliyet avantajlar\u0131<\/li>\n    <li><i class=\"uk-icon uk-icon-check\"><\/i> \u0130lk g\u00fcn ki gibi yeni<\/li>\n<\/ul><\/div>\n            \n            \n            \n            \n        <\/div>\n    <\/div>\n\n\n    <div>\n        <div class=\"uk-panel\">\n\n            \n            \n            \n            \n            \n            \n            \n                        <div class=\"uk-margin\"><ul class=\"uk-list uk-list-space\">\n    <li><i class=\"uk-icon uk-icon-check\"><\/i> H\u0131zl\u0131 servis zaman\u0131nda teslim<\/li>\n    <li><i class=\"uk-icon uk-icon-check\"><\/i> Y\u00fcksek m\u00fc\u015fteri memnuniyeti<\/li>\n<\/ul><\/div>\n            \n            \n            \n            \n        <\/div>\n    <\/div>\n\n\n<\/div>\n\n<script>\n    (function($){\n        \/\/ get the images of the grid and replace it by a canvas of the same size to fix the problem with overlapping images on load.\n        $('img:first', $('#wk-grid9e7')).each(function() {\n            var $img = $(this),\n                $canvas = $('<canvas class=\"uk-responsive-width\"><\/canvas>').attr({width:$img.attr('width'), height:$img.attr('height')}),\n                img = new Image;\n\n            $img.css('display', 'none').after($canvas);\n\n            img.onload = function(){\n                $canvas.remove();\n                $img.css('display', '');\n            };\n\n            img.src = this.src;\n        });\n\n    })(jQuery);\n<\/script>\n\n","protected":false},"excerpt":{"rendered":"","protected":false},"author":1,"featured_media":0,"parent":0,"menu_order":0,"comment_status":"closed","ping_status":"closed","template":"","meta":{"footnotes":""},"class_list":["post-883","page","type-page","status-publish","hentry"],"_links":{"self":[{"href":"https:\/\/soykokparke.com\/index.php?rest_route=\/wp\/v2\/pages\/883","targetHints":{"allow":["GET"]}}],"collection":[{"href":"https:\/\/soykokparke.com\/index.php?rest_route=\/wp\/v2\/pages"}],"about":[{"href":"https:\/\/soykokparke.com\/index.php?rest_route=\/wp\/v2\/types\/page"}],"author":[{"embeddable":true,"href":"https:\/\/soykokparke.com\/index.php?rest_route=\/wp\/v2\/users\/1"}],"replies":[{"embeddable":true,"href":"https:\/\/soykokparke.com\/index.php?rest_route=%2Fwp%2Fv2%2Fcomments&post=883"}],"version-history":[{"count":0,"href":"https:\/\/soykokparke.com\/index.php?rest_route=\/wp\/v2\/pages\/883\/revisions"}],"wp:attachment":[{"href":"https:\/\/soykokparke.com\/index.php?rest_route=%2Fwp%2Fv2%2Fmedia&parent=883"}],"curies":[{"name":"wp","href":"https:\/\/api.w.org\/{rel}","templated":true}]}}